{"id":33,"date":"2021-01-05T13:58:00","date_gmt":"2021-01-05T13:58:00","guid":{"rendered":"https:\/\/projects.wpids.com\/inmigracionhoy\/?page_id=33"},"modified":"2021-01-10T18:15:12","modified_gmt":"2021-01-10T18:15:12","slug":"resenas","status":"publish","type":"page","link":"https:\/\/projects.wpids.com\/inmigracionhoy\/index.php\/resenas\/","title":{"rendered":"Rese\u00f1as"},"content":{"rendered":"<div class=\"gb-container gb-container-81fc6aae hide-on-mobile hide-on-tablet\"><div class=\"gb-inside-container\">\n<div class=\"gb-grid-wrapper gb-grid-wrapper-f9a20834\">\n<div class=\"gb-grid-column gb-grid-column-44f25629\"><div class=\"gb-container gb-container-44f25629\"><div class=\"gb-inside-container\">\n\n<h1 class=\"gb-headline gb-headline-a3b665e2 gb-headline-text text-shadow\"><strong>RESE\u00d1AS<\/strong><\/h1>\n\n<\/div><\/div><\/div>\n\n<div class=\"gb-grid-column gb-grid-column-33774777\"><div class=\"gb-container gb-container-33774777\"><div class=\"gb-inside-container\"><\/div><\/div><\/div>\n<\/div>\n<\/div><\/div>\n\n<div class=\"gb-container gb-container-1f1dfac8 hide-on-desktop\"><div class=\"gb-inside-container\">\n\n<h1 class=\"gb-headline gb-headline-2f923d0d gb-headline-text text-shadow\"><strong>RESE\u00d1AS<\/strong><\/h1>\n\n<\/div><\/div>\n\n<div class=\"gb-container gb-container-9afdac82\"><div class=\"gb-inside-container\">\n\n<h2 class=\"gb-headline gb-headline-0369bdb8 gb-headline-text\"><strong>Cuidamos bien a las personas que atendemos y a continuaci\u00f3n encontrar\u00e1 un ejemplo de rese\u00f1as que el Abogado de Inmigraci\u00f3n Nelson A. Castillo en Los \u00c1ngeles, CA, ha recibido.<\/strong><\/h2>\n\n\n\n<hr class=\"wp-block-separator aligncenter is-style-default\"\/>\n\n\n\n<\/div><\/div>","protected":false},"excerpt":{"rendered":"","protected":false},"author":1,"featured_media":0,"parent":0,"menu_order":0,"comment_status":"closed","ping_status":"closed","template":"","meta":{"_generate-full-width-content":"true"},"_links":{"self":[{"href":"https:\/\/projects.wpids.com\/inmigracionhoy\/index.php\/wp-json\/wp\/v2\/pages\/33"}],"collection":[{"href":"https:\/\/projects.wpids.com\/inmigracionhoy\/index.php\/wp-json\/wp\/v2\/pages"}],"about":[{"href":"https:\/\/projects.wpids.com\/inmigracionhoy\/index.php\/wp-json\/wp\/v2\/types\/page"}],"author":[{"embeddable":true,"href":"https:\/\/projects.wpids.com\/inmigracionhoy\/index.php\/wp-json\/wp\/v2\/users\/1"}],"replies":[{"embeddable":true,"href":"https:\/\/projects.wpids.com\/inmigracionhoy\/index.php\/wp-json\/wp\/v2\/comments?post=33"}],"version-history":[{"count":1,"href":"https:\/\/projects.wpids.com\/inmigracionhoy\/index.php\/wp-json\/wp\/v2\/pages\/33\/revisions"}],"predecessor-version":[{"id":442,"href":"https:\/\/projects.wpids.com\/inmigracionhoy\/index.php\/wp-json\/wp\/v2\/pages\/33\/revisions\/442"}],"wp:attachment":[{"href":"https:\/\/projects.wpids.com\/inmigracionhoy\/index.php\/wp-json\/wp\/v2\/media?parent=33"}],"curies":[{"name":"wp","href":"https:\/\/api.w.org\/{rel}","templated":true}]}}